{"id":343,"date":"2017-12-06T13:35:13","date_gmt":"2017-12-06T13:35:13","guid":{"rendered":"http:\/\/medizin-kosmetik-worms.de\/?page_id=343"},"modified":"2017-12-06T13:44:37","modified_gmt":"2017-12-06T13:44:37","slug":"diamantpeeling","status":"publish","type":"page","link":"https:\/\/medizin-kosmetik-worms.de\/?page_id=343","title":{"rendered":"Diamantpeeling"},"content":{"rendered":"<p>Mit der Diamant Dermabrasion wird die oberste Hautschicht mit Hilfe von sterilen Diamantk\u00f6pfen entfernt. Diese Peeling-Methode saugt tote Hautsch\u00fcppchen \u00fcber ein Vakuum ab. Dies erzielt eine Entfernung von Hautunreinheiten und fetthaltigen Hautr\u00fcckst\u00e4nden. Zus\u00e4tzlich findet eine Verbesserung st\u00f6render Pigmentierung statt.<\/p>\n<p>Feinporige Haut ist mit dem Diamantpeeling kein Wunschtraum mehr!<\/p>\n","protected":false},"excerpt":{"rendered":"<p>Mit der Diamant Dermabrasion wird die oberste Hautschicht mit Hilfe von sterilen Diamantk\u00f6pfen entfernt. Diese Peeling-Methode saugt tote Hautsch\u00fcppchen \u00fcber ein Vakuum ab. Dies erzielt eine Entfernung von Hautunreinheiten und fetthaltigen Hautr\u00fcckst\u00e4nden. Zus\u00e4tzlich findet eine Verbesserung st\u00f6render Pigmentierung statt. Feinporige Haut ist mit dem Diamantpeeling kein Wunschtraum mehr!<\/p>\n","protected":false},"author":1,"featured_media":0,"parent":81,"menu_order":0,"comment_status":"closed","ping_status":"closed","template":"","meta":{"footnotes":""},"class_list":["post-343","page","type-page","status-publish","hentry"],"_links":{"self":[{"href":"https:\/\/medizin-kosmetik-worms.de\/index.php?rest_route=\/wp\/v2\/pages\/343","targetHints":{"allow":["GET"]}}],"collection":[{"href":"https:\/\/medizin-kosmetik-worms.de\/index.php?rest_route=\/wp\/v2\/pages"}],"about":[{"href":"https:\/\/medizin-kosmetik-worms.de\/index.php?rest_route=\/wp\/v2\/types\/page"}],"author":[{"embeddable":true,"href":"https:\/\/medizin-kosmetik-worms.de\/index.php?rest_route=\/wp\/v2\/users\/1"}],"replies":[{"embeddable":true,"href":"https:\/\/medizin-kosmetik-worms.de\/index.php?rest_route=%2Fwp%2Fv2%2Fcomments&post=343"}],"version-history":[{"count":2,"href":"https:\/\/medizin-kosmetik-worms.de\/index.php?rest_route=\/wp\/v2\/pages\/343\/revisions"}],"predecessor-version":[{"id":352,"href":"https:\/\/medizin-kosmetik-worms.de\/index.php?rest_route=\/wp\/v2\/pages\/343\/revisions\/352"}],"up":[{"embeddable":true,"href":"https:\/\/medizin-kosmetik-worms.de\/index.php?rest_route=\/wp\/v2\/pages\/81"}],"wp:attachment":[{"href":"https:\/\/medizin-kosmetik-worms.de\/index.php?rest_route=%2Fwp%2Fv2%2Fmedia&parent=343"}],"curies":[{"name":"wp","href":"https:\/\/api.w.org\/{rel}","templated":true}]}}