{"id":126,"date":"2017-12-01T13:30:14","date_gmt":"2017-12-01T13:30:14","guid":{"rendered":"http:\/\/medizin-kosmetik-worms.de\/?page_id=126"},"modified":"2017-12-09T16:50:45","modified_gmt":"2017-12-09T16:50:45","slug":"plasma-und-oder-meso-hair","status":"publish","type":"page","link":"https:\/\/medizin-kosmetik-worms.de\/?page_id=126","title":{"rendered":"Plasma und\/oder Meso-Hair"},"content":{"rendered":"<p>Mikroinjektionen in die Kopfhaut sind eine sanfte Therapie gegen Haarausfall bei M\u00e4nnern und bei Frauen. Die Zellen der Haarwurzeln werden auf direktem Weg mit allen notwendigen N\u00e4hrstoffen versorgt. Feinste Mikroinjektionen ausgesuchter Wirkstoffe bremsen den Haarausfall und f\u00f6rdern den Haarwuchs. Durch punktgenaue Injektionen in die Haut gelangen die wertvollen Wirkstoffe direkt auf die Ebene der Haarfollikel.<\/p>\n<p>Mit welchen Substanzen ich Ihren Haarausfall stoppen kann, ist abh\u00e4ngig von den Ursachen und wird individuell durch Anamnese und Blutuntersuchung bestimmt.<\/p>\n","protected":false},"excerpt":{"rendered":"<p>Mikroinjektionen in die Kopfhaut sind eine sanfte Therapie gegen Haarausfall bei M\u00e4nnern und bei Frauen. Die Zellen der Haarwurzeln werden auf direktem Weg mit allen notwendigen N\u00e4hrstoffen versorgt. Feinste Mikroinjektionen ausgesuchter Wirkstoffe bremsen den Haarausfall und f\u00f6rdern den Haarwuchs. Durch punktgenaue Injektionen in die Haut gelangen die wertvollen Wirkstoffe direkt auf die Ebene der Haarfollikel. &hellip; <\/p>\n<p class=\"link-more\"><a href=\"https:\/\/medizin-kosmetik-worms.de\/?page_id=126\" class=\"more-link\"><span class=\"screen-reader-text\">\u201ePlasma und\/oder Meso-Hair\u201c<\/span> weiterlesen<\/a><\/p>\n","protected":false},"author":1,"featured_media":0,"parent":81,"menu_order":0,"comment_status":"closed","ping_status":"closed","template":"","meta":{"footnotes":""},"class_list":["post-126","page","type-page","status-publish","hentry"],"_links":{"self":[{"href":"https:\/\/medizin-kosmetik-worms.de\/index.php?rest_route=\/wp\/v2\/pages\/126","targetHints":{"allow":["GET"]}}],"collection":[{"href":"https:\/\/medizin-kosmetik-worms.de\/index.php?rest_route=\/wp\/v2\/pages"}],"about":[{"href":"https:\/\/medizin-kosmetik-worms.de\/index.php?rest_route=\/wp\/v2\/types\/page"}],"author":[{"embeddable":true,"href":"https:\/\/medizin-kosmetik-worms.de\/index.php?rest_route=\/wp\/v2\/users\/1"}],"replies":[{"embeddable":true,"href":"https:\/\/medizin-kosmetik-worms.de\/index.php?rest_route=%2Fwp%2Fv2%2Fcomments&post=126"}],"version-history":[{"count":3,"href":"https:\/\/medizin-kosmetik-worms.de\/index.php?rest_route=\/wp\/v2\/pages\/126\/revisions"}],"predecessor-version":[{"id":493,"href":"https:\/\/medizin-kosmetik-worms.de\/index.php?rest_route=\/wp\/v2\/pages\/126\/revisions\/493"}],"up":[{"embeddable":true,"href":"https:\/\/medizin-kosmetik-worms.de\/index.php?rest_route=\/wp\/v2\/pages\/81"}],"wp:attachment":[{"href":"https:\/\/medizin-kosmetik-worms.de\/index.php?rest_route=%2Fwp%2Fv2%2Fmedia&parent=126"}],"curies":[{"name":"wp","href":"https:\/\/api.w.org\/{rel}","templated":true}]}}