{"id":120,"date":"2017-12-01T13:25:52","date_gmt":"2017-12-01T13:25:52","guid":{"rendered":"http:\/\/medizin-kosmetik-worms.de\/?page_id=120"},"modified":"2026-03-25T09:21:48","modified_gmt":"2026-03-25T08:21:48","slug":"rha-filler-1-4","status":"publish","type":"page","link":"https:\/\/medizin-kosmetik-worms.de\/?page_id=120","title":{"rendered":"Aktuelles"},"content":{"rendered":"<h4>Termine &amp; Aktionen<\/h4>\n<h5>M\u00e4rz<\/h5>\n<p>25.03. 2026 &#8211; 27.03.2026<\/p>\n<p><strong>Medizinische \u00c4sthetik &amp; Beauty-Aktionstage<\/strong><\/p>\n<p>Stefan Blaser <em>bei<\/em><br \/>\nbeautylounge-bremen by BACOS<br \/>\nObernstra\u00dfe 14 \/ 1. OG<br \/>\n28195 Bremen<\/p>\n<p><em>Telefon<\/em><br \/>\n0049 421 22298368<\/p>\n<p><em>Mobiltelefon<\/em><br \/>\n0049 176 96630533<\/p>\n<p><em>Mobiltelefon<\/em><br \/>\n0049 157 82118888<\/p>\n<p><em>Email<\/em><br \/>\ninfo@beautylounge-bremen.de<\/p>\n<p><strong>Die Praxis in Worms ist an diesen Tagen geschlossen.<\/strong><\/p>\n<hr \/>\n<h5>Januar<\/h5>\n<p>20.01.2026-10.02.2026<\/p>\n<p><strong>Wir haben Urlaub.<\/strong><\/p>\n<hr \/>\n<h5>Dezember<\/h5>\n<p>Weihnachten und Neujahr<\/p>\n<p><strong>Zum Jahresende sind wir bis einschl. 19.12.25 und dann wieder ab dem 30.12.25 f\u00fcr Sie da.<\/strong><\/p>\n<hr \/>\n<h5>Dezember<\/h5>\n<p>03.12.2025-05.12.2025<\/p>\n<p><strong>Die Praxis in Worms ist an diesen Tagen geschlossen.<\/strong><\/p>\n<hr \/>\n<h5>November<\/h5>\n<p>18.11. 2025 &#8211; 21.11.2025<\/p>\n<p><strong>Medizinische \u00c4sthetik &amp; Beauty-Aktionstage<\/strong><\/p>\n<p>Stefan Blaser <em>bei<\/em><br \/>\nbeautylounge-bremen by BACOS<br \/>\nObernstra\u00dfe 14 \/ 1. OG<br \/>\n28195 Bremen<\/p>\n<p><em>Telefon<\/em><br \/>\n0049 421 22298368<\/p>\n<p><em>Mobiltelefon<\/em><br \/>\n0049 176 96630533<\/p>\n<p><em>Mobiltelefon<\/em><br \/>\n0049 157 82118888<\/p>\n<p><em>Email<\/em><br \/>\ninfo@beautylounge-bremen.de<\/p>\n<p><strong>Die Praxis in Worms ist an diesen Tagen geschlossen.<\/strong><\/p>\n<hr \/>\n<h5>November<\/h5>\n<p>06.11.2025<\/p>\n<p><strong>IMAGE-Aktionstag<\/strong><\/p>\n<p>N\u00e4here INFO kommt noch. Gerne k\u00f6nnen Sie sich auch vorab telefonisch informieren.<\/p>\n<hr \/>\n<p>11.07.2025<\/p>\n<p><strong>Die Praxis ist geschlossen.<\/strong><\/p>\n<hr \/>\n<h5>Mai<\/h5>\n<p>13.05.2025 &#8211; 25.05.2025<\/p>\n<p><strong>Wir haben Urlaub.<\/strong><\/p>\n<hr \/>\n<h5>Januar<\/h5>\n<p>21.01.2025 &#8211; 08.02.2025<\/p>\n<p><strong>Wir haben Urlaub.<\/strong><\/p>\n<hr \/>\n<h5>November<\/h5>\n<p>19.11. 2024 &#8211; 22.11.2024<\/p>\n<p><strong>Medizinische \u00c4sthetik &amp; Beauty-Aktionstage<\/strong><\/p>\n<p>Stefan Blaser <em>bei<\/em><br \/>\nbeautylounge-bremen by BACOS<br \/>\nObernstra\u00dfe 14 \/ 1. OG<br \/>\n28195 Bremen<\/p>\n<p><em>Telefon<\/em><br \/>\n0049 421 22298368<\/p>\n<p><em>Mobiltelefon<\/em><br \/>\n0049 176 96630533<\/p>\n<p><em>Mobiltelefon<\/em><br \/>\n0049 157 82118888<\/p>\n<p><em>Email<\/em><br \/>\ninfo@beautylounge-bremen.de<\/p>\n<p><strong>Die Praxis in Worms ist an diesen Tagen geschlossen.<\/strong><\/p>\n<hr \/>\n<h5>Oktober<\/h5>\n<p>31.10.2024<\/p>\n<p><strong>Wir haben Br\u00fcckentag.<\/strong><\/p>\n<hr \/>\n<h5>Oktober<\/h5>\n<p>04.10.2024<\/p>\n<p><strong>Wir haben Br\u00fcckentag.<\/strong><\/p>\n<hr \/>\n<h5>Juni<\/h5>\n<p>18.06.2024-21.06.2024<\/p>\n<p><strong>Wir haben Urlaub.<\/strong><\/p>\n<hr \/>\n<h5>Juni<\/h5>\n<p>12.06.2024-14.06.2024<\/p>\n<p><strong>Medizinische \u00c4sthetik &amp; Beauty-Aktionstage<\/strong><\/p>\n<p>Stefan Blaser <em>bei<\/em><br \/>\nbeautylounge-bremen by BACOS<br \/>\nObernstra\u00dfe 14 \/ 1. OG<br \/>\n28195 Bremen<\/p>\n<p><em>Telefon<\/em><br \/>\n0049 421 22298368<\/p>\n<p><em>Mobiltelefon<\/em><br \/>\n0049 176 96630533<\/p>\n<p><em>Mobiltelefon<\/em><br \/>\n0049 157 82118888<\/p>\n<p><em>Email<\/em><br \/>\ninfo@beautylounge-bremen.de<\/p>\n<p><strong>Die Praxis in Worms ist an diesen Tagen geschlossen.<\/strong><\/p>\n<hr \/>\n<h5>Juni<\/h5>\n<p>07.06.2024<\/p>\n<p><strong>Die Praxis ist wegen einer Fortbildung geschlossen.<\/strong><\/p>\n<hr \/>\n<h5>M\u00e4rz<\/h5>\n<p>13.03.2024-15.03.2024<\/p>\n<p><strong>Medizinische \u00c4sthetik &amp; Beauty-Aktionstage<\/strong><\/p>\n<p>Stefan Blaser <em>bei<\/em><br \/>\nbeautylounge-bremen by BACOS<br \/>\nObernstra\u00dfe 14 \/ 1. OG<br \/>\n28195 Bremen<\/p>\n<p><em>Telefon<\/em><br \/>\n0049 421 22298368<\/p>\n<p><em>Mobiltelefon<\/em><br \/>\n0049 176 96630533<\/p>\n<p><em>Mobiltelefon<\/em><br \/>\n0049 157 82118888<\/p>\n<p><em>Email<\/em><br \/>\ninfo@beautylounge-bremen.de<\/p>\n<p><strong>Die Praxis in Worms ist an diesen Tagen geschlossen.<\/strong><\/p>\n<hr \/>\n<h5>Januar \/ Februar<\/h5>\n<p>23.01.2024-09.02.2024<\/p>\n<p><strong>Wir haben Urlaub.<\/strong><\/p>\n<hr \/>\n<h5>Dezember<\/h5>\n<p>24.12.2023-01.01.2023<\/p>\n<p><strong>Die Praxis ist zwischen den Jahren geschlossen.<\/strong><\/p>\n<hr \/>\n<h5>November<\/h5>\n<p>01.11.2023-03.11.2023<\/p>\n<p><strong>Medizinische \u00c4sthetik &amp; Beauty-Aktionstage<\/strong><\/p>\n<p>Stefan Blaser <em>bei<\/em><br \/>\nbeautylounge-bremen by BACOS<br \/>\nObernstra\u00dfe 14 \/ 1. OG<br \/>\n28195 Bremen<\/p>\n<p><em>Telefon<\/em><br \/>\n0049 421 22298368<\/p>\n<p><em>Mobiltelefon<\/em><br \/>\n0049 176 96630533<\/p>\n<p><em>Mobiltelefon<\/em><br \/>\n0049 157 82118888<\/p>\n<p><em>Email<\/em><br \/>\ninfo@beautylounge-bremen.de<\/p>\n<hr \/>\n<h5>August<\/h5>\n<p>04.08.2023<\/p>\n<p><strong>Die Praxis ist aus organisatorischen Gr\u00fcnden bereits um 14:00 h <\/strong><strong>geschlossen.<\/strong><\/p>\n<hr \/>\n<h5>Juni<\/h5>\n<p>28.06.2023-30.06.2023<\/p>\n<p><strong>Medizinische \u00c4sthetik &amp; Beauty-Aktionstage<\/strong><\/p>\n<p>Stefan Blaser <em>bei<\/em><br \/>\nbeautylounge-bremen by BACOS<br \/>\nObernstra\u00dfe 14 \/ 1. OG<br \/>\n28195 Bremen<\/p>\n<p><em>Telefon<\/em><br \/>\n0049 421 22298368<\/p>\n<p><em>Mobiltelefon<\/em><br \/>\n0049 176 96630533<\/p>\n<p><em>Mobiltelefon<\/em><br \/>\n0049 157 82118888<\/p>\n<p><em>Email<\/em><br \/>\ninfo@beautylounge-bremen.de<\/p>\n<hr \/>\n<h5>Mai<\/h5>\n<p>04.05.2023-08.05.2023<\/p>\n<p><strong>Die Praxis ist wegen einer Fortbildung <\/strong><strong>geschlossen.<\/strong><\/p>\n<hr \/>\n<h5>M\u00e4rz<\/h5>\n<p>01.03.2023-03.03.2023<\/p>\n<p><strong>Medizinische \u00c4sthetik &amp; Beauty-Aktionstage<\/strong><\/p>\n<p>Stefan Blaser <em>bei<\/em><br \/>\nbeautylounge-bremen by BACOS<br \/>\nObernstra\u00dfe 14 \/ 1. OG<br \/>\n28195 Bremen<\/p>\n<p><em>Telefon<\/em><br \/>\n0049 421 22298368<\/p>\n<p><em>Mobiltelefon<\/em><br \/>\n0049 176 96630533<\/p>\n<p><em>Mobiltelefon<\/em><br \/>\n0049 157 82118888<\/p>\n<p><em>Email<\/em><br \/>\ninfo@beautylounge-bremen.de<\/p>\n<hr \/>\n<h5>Januar<\/h5>\n<p>16.01.2023-06.02.2023<\/p>\n<p><strong>Die Praxis ist urlaubsbedingt <\/strong><strong>geschlossen.<\/strong><\/p>\n<hr \/>\n","protected":false},"excerpt":{"rendered":"<p>Termine &amp; Aktionen M\u00e4rz 25.03. 2026 &#8211; 27.03.2026 Medizinische \u00c4sthetik &amp; Beauty-Aktionstage Stefan Blaser bei beautylounge-bremen by BACOS Obernstra\u00dfe 14 \/ 1. OG 28195 Bremen Telefon 0049 421 22298368 Mobiltelefon 0049 176 96630533 Mobiltelefon 0049 157 82118888 Email info@beautylounge-bremen.de Die Praxis in Worms ist an diesen Tagen geschlossen. Januar 20.01.2026-10.02.2026 Wir haben Urlaub. Dezember Weihnachten &hellip; <\/p>\n<p class=\"link-more\"><a href=\"https:\/\/medizin-kosmetik-worms.de\/?page_id=120\" class=\"more-link\"><span class=\"screen-reader-text\">\u201eAktuelles\u201c<\/span> weiterlesen<\/a><\/p>\n","protected":false},"author":1,"featured_media":0,"parent":0,"menu_order":0,"comment_status":"closed","ping_status":"closed","template":"","meta":{"footnotes":""},"class_list":["post-120","page","type-page","status-publish","hentry"],"_links":{"self":[{"href":"https:\/\/medizin-kosmetik-worms.de\/index.php?rest_route=\/wp\/v2\/pages\/120","targetHints":{"allow":["GET"]}}],"collection":[{"href":"https:\/\/medizin-kosmetik-worms.de\/index.php?rest_route=\/wp\/v2\/pages"}],"about":[{"href":"https:\/\/medizin-kosmetik-worms.de\/index.php?rest_route=\/wp\/v2\/types\/page"}],"author":[{"embeddable":true,"href":"https:\/\/medizin-kosmetik-worms.de\/index.php?rest_route=\/wp\/v2\/users\/1"}],"replies":[{"embeddable":true,"href":"https:\/\/medizin-kosmetik-worms.de\/index.php?rest_route=%2Fwp%2Fv2%2Fcomments&post=120"}],"version-history":[{"count":212,"href":"https:\/\/medizin-kosmetik-worms.de\/index.php?rest_route=\/wp\/v2\/pages\/120\/revisions"}],"predecessor-version":[{"id":1312,"href":"https:\/\/medizin-kosmetik-worms.de\/index.php?rest_route=\/wp\/v2\/pages\/120\/revisions\/1312"}],"wp:attachment":[{"href":"https:\/\/medizin-kosmetik-worms.de\/index.php?rest_route=%2Fwp%2Fv2%2Fmedia&parent=120"}],"curies":[{"name":"wp","href":"https:\/\/api.w.org\/{rel}","templated":true}]}}